{"id":1014,"date":"2013-01-18T22:37:06","date_gmt":"2013-01-19T03:37:06","guid":{"rendered":"http:\/\/www.circo212.org.mx\/circo2\/?page_id=1014"},"modified":"2013-01-18T22:38:33","modified_gmt":"2013-01-19T03:38:33","slug":"julio-patan-tobio-semblanza","status":"publish","type":"page","link":"https:\/\/circo212.org.mx\/circo2\/?page_id=1014","title":{"rendered":"Julio Pat\u00e1n Tob\u00edo (semblanza)"},"content":{"rendered":"<div class=\"one-third\">\n<p><a href=\"http:\/\/www.circo212.org.mx\/circo2\/wp-content\/uploads\/2013\/01\/julio-pat\u00e1n001.jpg\"><img loading=\"lazy\" decoding=\"async\" class=\"aligncenter size-full wp-image-1015\" title=\"julio pat\u00e1n001\" src=\"http:\/\/www.circo212.org.mx\/circo2\/wp-content\/uploads\/2013\/01\/julio-pat\u00e1n001.jpg\" alt=\"\" width=\"1809\" height=\"2609\" srcset=\"https:\/\/circo212.org.mx\/circo2\/wp-content\/uploads\/2013\/01\/julio-pat\u00e1n001.jpg 1809w, https:\/\/circo212.org.mx\/circo2\/wp-content\/uploads\/2013\/01\/julio-pat\u00e1n001-208x300.jpg 208w, https:\/\/circo212.org.mx\/circo2\/wp-content\/uploads\/2013\/01\/julio-pat\u00e1n001-710x1024.jpg 710w\" sizes=\"auto, (max-width: 1809px) 100vw, 1809px\" \/><\/a><\/p>\n<\/div>\n<p>(M\u00e9xico, 1968)<\/p>\n<p>Estudi\u00f3 Filosof\u00eda en la Universidad Nacional Aut\u00f3noma de M\u00e9xico. Es autor de los libros El libro negro de la izquierda mexicana, Conspiraciones y para entender a Mart\u00edn Luis Guzm\u00e1n, as\u00ed como coeditor de Entre las s\u00e1banas. Escribe para varias revistas en M\u00e9xico y el extranjero, entre ellas Letras Libres, D\u00eda Siete, Gente, Esquire, SoHo y El Malpensante. Es escritor y conductor de radio y televisi\u00f3n. Conduce, de lunes a viernes, con Nicol\u00e1s Alvarado, Final de Partida, para Foro TV, y colabora en Art\u00edculo s\u00e9ptimo, para Radio F\u00f3rmula.<\/p>\n","protected":false},"excerpt":{"rendered":"<p>(M\u00e9xico, 1968) Estudi\u00f3 Filosof\u00eda en la Universidad Nacional Aut\u00f3noma de M\u00e9xico. Es autor de los libros El libro negro de la izquierda mexicana, Conspiraciones y para entender a Mart\u00edn Luis Guzm\u00e1n, as\u00ed como coeditor de Entre las s\u00e1banas. Escribe para varias revistas en M\u00e9xico y el extranjero, entre ellas Letras Libres, D\u00eda Siete, Gente, Esquire, [&hellip;]<\/p>\n","protected":false},"author":1,"featured_media":0,"parent":0,"menu_order":0,"comment_status":"open","ping_status":"open","template":"page-sidebar-right.php","meta":{"jetpack_post_was_ever_published":false,"footnotes":""},"class_list":["post-1014","page","type-page","status-publish","hentry"],"aioseo_notices":[],"jetpack_sharing_enabled":true,"jetpack_shortlink":"https:\/\/wp.me\/P3e33F-gm","_links":{"self":[{"href":"https:\/\/circo212.org.mx\/circo2\/index.php?rest_route=\/wp\/v2\/pages\/1014","targetHints":{"allow":["GET"]}}],"collection":[{"href":"https:\/\/circo212.org.mx\/circo2\/index.php?rest_route=\/wp\/v2\/pages"}],"about":[{"href":"https:\/\/circo212.org.mx\/circo2\/index.php?rest_route=\/wp\/v2\/types\/page"}],"author":[{"embeddable":true,"href":"https:\/\/circo212.org.mx\/circo2\/index.php?rest_route=\/wp\/v2\/users\/1"}],"replies":[{"embeddable":true,"href":"https:\/\/circo212.org.mx\/circo2\/index.php?rest_route=%2Fwp%2Fv2%2Fcomments&post=1014"}],"version-history":[{"count":1,"href":"https:\/\/circo212.org.mx\/circo2\/index.php?rest_route=\/wp\/v2\/pages\/1014\/revisions"}],"predecessor-version":[{"id":1016,"href":"https:\/\/circo212.org.mx\/circo2\/index.php?rest_route=\/wp\/v2\/pages\/1014\/revisions\/1016"}],"wp:attachment":[{"href":"https:\/\/circo212.org.mx\/circo2\/index.php?rest_route=%2Fwp%2Fv2%2Fmedia&parent=1014"}],"curies":[{"name":"wp","href":"https:\/\/api.w.org\/{rel}","templated":true}]}}

Julio Patán Tobío (semblanza)

<div class="one-third">
<p><a href="http://www.circo212.org.mx/circo2/wp-content/uploads/2013/01/julio-patán001.jpg"><img loading="lazy" decoding="async" class="aligncenter size-full wp-image-1015" title="julio patán001" src="http://www.circo212.org.mx/circo2/wp-content/uploads/2013/01/julio-patán001.jpg" alt="" width="1809" height="2609" srcset="https://circo212.org.mx/circo2/wp-content/uploads/2013/01/julio-patán001.jpg 1809w, https://circo212.org.mx/circo2/wp-content/uploads/2013/01/julio-patán001-208x300.jpg 208w, https://circo212.org.mx/circo2/wp-content/uploads/2013/01/julio-patán001-710x1024.jpg 710w" sizes="auto, (max-width: 1809px) 100vw, 1809px" /></a></p>
</div>
<p>(México, 1968)</p>
<p>Estudió Filosofía en la Universidad Nacional Autónoma de México. Es autor de los libros El libro negro de la izquierda mexicana, Conspiraciones y para entender a Martín Luis Guzmán, así como coeditor de Entre las sábanas. Escribe para varias revistas en México y el extranjero, entre ellas Letras Libres, Día Siete, Gente, Esquire, SoHo y El Malpensante. Es escritor y conductor de radio y televisión. Conduce, de lunes a viernes, con Nicolás Alvarado, Final de Partida, para Foro TV, y colabora en Artículo séptimo, para Radio Fórmula.</p>

<p>(México, 1968) Estudió Filosofía en la Universidad Nacional Autónoma de México. Es autor de los libros El libro negro de la izquierda mexicana, Conspiraciones y para entender a Martín Luis Guzmán, así como coeditor de Entre las sábanas. Escribe para varias revistas en México y el extranjero, entre ellas Letras Libres, Día Siete, Gente, Esquire, [&hellip;]</p>
