{"id":1184,"date":"2013-04-18T19:16:04","date_gmt":"2013-04-19T00:16:04","guid":{"rendered":"http:\/\/www.circo212.org.mx\/circo2\/?page_id=1184"},"modified":"2013-04-18T19:16:04","modified_gmt":"2013-04-19T00:16:04","slug":"jose-luis-ortega-torres-semblanza","status":"publish","type":"page","link":"https:\/\/circo212.org.mx\/circo2\/?page_id=1184","title":{"rendered":"Jos\u00e9 Luis Ortega Torres (Semblanza)"},"content":{"rendered":"<p><a href=\"http:\/\/www.circo212.org.mx\/circo2\/wp-content\/uploads\/2013\/04\/Jose-Luis-Ortega.jpg\"><img loading=\"lazy\" decoding=\"async\" class=\"alignnone size-medium wp-image-1185\" alt=\"Jose Luis Ortega\" src=\"http:\/\/www.circo212.org.mx\/circo2\/wp-content\/uploads\/2013\/04\/Jose-Luis-Ortega-200x300.jpg\" width=\"200\" height=\"300\" srcset=\"https:\/\/circo212.org.mx\/circo2\/wp-content\/uploads\/2013\/04\/Jose-Luis-Ortega-200x300.jpg 200w, https:\/\/circo212.org.mx\/circo2\/wp-content\/uploads\/2013\/04\/Jose-Luis-Ortega-682x1024.jpg 682w\" sizes=\"auto, (max-width: 200px) 100vw, 200px\" \/><\/a><\/p>\n<p>&nbsp;<\/p>\n<p align=\"JUSTIFY\"><span style=\"font-family: Arial, sans-serif;\">Comunic\u00f3logo egresado de la Facultad de Ciencias Pol\u00edticas y Sociales de la UNAM, se ha desarrollado como investigador y cr\u00edtico de cine en diarios como <\/span><span style=\"font-family: Arial, sans-serif;\"><i>Exc\u00e9lsior<\/i><\/span><span style=\"font-family: Arial, sans-serif;\">, <\/span><span style=\"font-family: Arial, sans-serif;\"><i>La Jornada<\/i><\/span><span style=\"font-family: Arial, sans-serif;\"> y <\/span><span style=\"font-family: Arial, sans-serif;\"><i>El Financiero<\/i><\/span><span style=\"font-family: Arial, sans-serif;\">, la revista <\/span><span style=\"font-family: Arial, sans-serif;\"><i>Cine Toma <\/i><\/span><span style=\"font-family: Arial, sans-serif;\">y<\/span><span style=\"font-family: Arial, sans-serif;\">el semanario <\/span><span style=\"font-family: Arial, sans-serif;\"><i>Frente<\/i><\/span><span style=\"font-family: Arial, sans-serif;\">. Particip\u00f3 como ponente en Primer Foro Internacional de An\u00e1lisis Cinematogr\u00e1fico y<\/span><span style=\"font-family: Arial, sans-serif;\"> el <\/span><span style=\"font-family: Arial, sans-serif;\">Primer Encuentro Nacional de An\u00e1lisis Cinematogr\u00e1fico. Es tambi\u00e9n co<\/span><span style=\"font-family: Arial, sans-serif;\">fundador del sitio web <\/span><span style=\"font-family: Arial, sans-serif;\"><i>Revista Cinefagia<\/i><\/span><span style=\"font-family: Arial, sans-serif;\"> (revistacinefagia.com), especializado en cine de g\u00e9nero, en l\u00ednea desde el 2003. <\/span><\/p>\n<p lang=\"es-ES\" align=\"JUSTIFY\">\u00a0<span style=\"font-family: Arial, sans-serif;\">Como autor, a<\/span><span style=\"font-family: Arial, sans-serif;\">lgunos de sus textos est\u00e1n publicados en compilaciones como <\/span><span style=\"font-family: Arial, sans-serif;\"><i>El placer de ver cine<\/i><\/span><span style=\"font-family: Arial, sans-serif;\"> (2006) y <\/span><span style=\"font-family: Arial, sans-serif;\"><i>La ficci\u00f3n de la historia. El siglo XIX en el cine mexicano<\/i><\/span><span style=\"font-family: Arial, sans-serif;\"> (2010). Como editor, es responsable de los libros <\/span><span style=\"font-family: Arial, sans-serif;\"><i>Las imprescindibles de Monsiv\u00e1is<\/i><\/span><span style=\"font-family: Arial, sans-serif;\"> (Carlos Bonfil, 2010), <\/span><span style=\"font-family: Arial, sans-serif;\"><i>Ciudad de Cine. D.F. 1970-2010<\/i><\/span><span style=\"font-family: Arial, sans-serif;\"> (Hugo Lara, 2011), <\/span><span style=\"font-family: Arial, sans-serif;\"><i>Luces, c\u00e1mara acci\u00f3n: cinefot\u00f3grafos del cine mexicano<\/i><\/span><span style=\"font-family: Arial, sans-serif;\"> (Hugo Lara y Elisa Lozano, 2011) y <\/span><span style=\"font-family: Arial, sans-serif;\"><i>El cine actual: verbos nucleares<\/i><\/span><span style=\"font-family: Arial, sans-serif;\"> (Jorge Ayala Blanco, 2011), <\/span><span style=\"font-family: Arial, sans-serif;\"><i>El cine actual: estallidos gen\u00e9ricos<\/i><\/span><span style=\"font-family: Arial, sans-serif;\"> (Jorge Ayala Blanco, 2012) y de la revista de ensayo y cr\u00edtica <\/span><span style=\"font-family: Arial, sans-serif;\"><i>Ic\u00f3nica<\/i><\/span><span style=\"font-family: Arial, sans-serif;\"> (2012-2013). <\/span><span style=\"font-family: Arial, sans-serif;\">Actualmente se desempe\u00f1a como Subdirector de Publicaciones y Medios de la Cineteca Nacional.<\/span><\/p>\n<p>&nbsp;<\/p>\n","protected":false},"excerpt":{"rendered":"<p>&nbsp; Comunic\u00f3logo egresado de la Facultad de Ciencias Pol\u00edticas y Sociales de la UNAM, se ha desarrollado como investigador y cr\u00edtico de cine en diarios como Exc\u00e9lsior, La Jornada y El Financiero, la revista Cine Toma yel semanario Frente. Particip\u00f3 como ponente en Primer Foro Internacional de An\u00e1lisis Cinematogr\u00e1fico y el Primer Encuentro Nacional de [&hellip;]<\/p>\n","protected":false},"author":1,"featured_media":0,"parent":0,"menu_order":0,"comment_status":"open","ping_status":"open","template":"","meta":{"jetpack_post_was_ever_published":false,"footnotes":""},"class_list":["post-1184","page","type-page","status-publish","hentry"],"aioseo_notices":[],"jetpack_sharing_enabled":true,"jetpack_shortlink":"https:\/\/wp.me\/P3e33F-j6","_links":{"self":[{"href":"https:\/\/circo212.org.mx\/circo2\/index.php?rest_route=\/wp\/v2\/pages\/1184","targetHints":{"allow":["GET"]}}],"collection":[{"href":"https:\/\/circo212.org.mx\/circo2\/index.php?rest_route=\/wp\/v2\/pages"}],"about":[{"href":"https:\/\/circo212.org.mx\/circo2\/index.php?rest_route=\/wp\/v2\/types\/page"}],"author":[{"embeddable":true,"href":"https:\/\/circo212.org.mx\/circo2\/index.php?rest_route=\/wp\/v2\/users\/1"}],"replies":[{"embeddable":true,"href":"https:\/\/circo212.org.mx\/circo2\/index.php?rest_route=%2Fwp%2Fv2%2Fcomments&post=1184"}],"version-history":[{"count":2,"href":"https:\/\/circo212.org.mx\/circo2\/index.php?rest_route=\/wp\/v2\/pages\/1184\/revisions"}],"predecessor-version":[{"id":1192,"href":"https:\/\/circo212.org.mx\/circo2\/index.php?rest_route=\/wp\/v2\/pages\/1184\/revisions\/1192"}],"wp:attachment":[{"href":"https:\/\/circo212.org.mx\/circo2\/index.php?rest_route=%2Fwp%2Fv2%2Fmedia&parent=1184"}],"curies":[{"name":"wp","href":"https:\/\/api.w.org\/{rel}","templated":true}]}}