{"id":204,"date":"2012-02-14T04:27:48","date_gmt":"2012-02-14T04:27:48","guid":{"rendered":"http:\/\/www.circo212.org.mx\/circo2\/?page_id=204"},"modified":"2015-06-19T19:20:14","modified_gmt":"2015-06-20T00:20:14","slug":"muestras-y-festivales","status":"publish","type":"page","link":"https:\/\/circo212.org.mx\/circo2\/?page_id=204","title":{"rendered":"Muestras y Festivales"},"content":{"rendered":"<p>En Circo 2.12 tenemos lo siguientes ciclos:<\/p>\n<div class=\"one-third\">\n<h3><a href=\"https:\/\/cinemaglobalmx.wordpress.com\/\">Cinema Global<\/a><\/h3>\n<p><a title=\"Cinema Global\" href=\"http:\/\/www.circo212.org.mx\/circo2\/?page_id=266\"><img loading=\"lazy\" decoding=\"async\" class=\"alignnone size-thumbnail wp-image-206\" src=\"http:\/\/www.circo212.org.mx\/circo2\/wp-content\/uploads\/2012\/02\/logo-cinema-global-miniweb-150x150.jpg\" alt=\"\" width=\"150\" height=\"150\" \/><\/a><\/p>\n<p>&nbsp;<\/p>\n<\/div> <div class=\"two-third last\">\n<p>CINEMA GLOBAL es un foro dedicado al cine del mundo, especialmente a aquellas propuestas independientes e innovadoras que dif\u00edcilmente se pueden ver en las salas comerciales. Cada a\u00f1o, dentro del Festival, Cinema Global propone una tem\u00e1tica diferente que ser\u00e1 el eje de su edici\u00f3n, realiza retrospectivas de directores y programa ciclos de pel\u00edculas.<\/p>\n<\/div><\/p>\n<div class='divider-border' style='margin-top: 10px; margin-bottom: 10px'><\/div>\n<div class=\"one-third\">\n<h3><a href=\"http:\/\/distrital.mx\">Distrital<\/a><\/h3>\n<p><a title=\"Distrital\" href=\"http:\/\/www.circo212.org.mx\/circo2\/?page_id=268\"><img loading=\"lazy\" decoding=\"async\" class=\"alignnone size-full wp-image-512\" title=\"\" src=\"http:\/\/www.circo212.org.mx\/circo2\/wp-content\/uploads\/2012\/02\/distrital.png\" alt=\"\" width=\"150\" height=\"150\" \/><\/a><\/p>\n<\/div> <div class=\"two-third last\">\n<h3><span style=\"color: #993300;\"><a href=\"http:\/\/distrital.mx\">\u00a1Ya viene la edici\u00f3n 2015!<\/a><\/span><\/h3>\n<p><span style=\"color: #000000;\">Una iniciativa que busca fomentar y enriquecer la cultura cinematogr\u00e1fica del p\u00fablico a trav\u00e9s de la organizaci\u00f3n de talleres con destacados cineastas, el apoyo para el otorgamiento de becas en producci\u00f3n\/ realizaci\u00f3n cinematogr\u00e1fica y de estudios de posgrado; adem\u00e1s de programar muestras f\u00edlmicas con la presencia de cineastas due\u00f1os de un estilo propio y arriesgado.<\/span><\/p>\n<\/div><\/p>\n<div class='divider' style='height: 10px;'><\/div>\n","protected":false},"excerpt":{"rendered":"<p>En Circo 2.12 tenemos lo siguientes ciclos:<\/p>\n","protected":false},"author":1,"featured_media":0,"parent":110,"menu_order":0,"comment_status":"open","ping_status":"open","template":"","meta":{"jetpack_post_was_ever_published":false,"footnotes":""},"class_list":["post-204","page","type-page","status-publish","hentry"],"aioseo_notices":[],"jetpack_sharing_enabled":true,"jetpack_shortlink":"https:\/\/wp.me\/P3e33F-3i","_links":{"self":[{"href":"https:\/\/circo212.org.mx\/circo2\/index.php?rest_route=\/wp\/v2\/pages\/204","targetHints":{"allow":["GET"]}}],"collection":[{"href":"https:\/\/circo212.org.mx\/circo2\/index.php?rest_route=\/wp\/v2\/pages"}],"about":[{"href":"https:\/\/circo212.org.mx\/circo2\/index.php?rest_route=\/wp\/v2\/types\/page"}],"author":[{"embeddable":true,"href":"https:\/\/circo212.org.mx\/circo2\/index.php?rest_route=\/wp\/v2\/users\/1"}],"replies":[{"embeddable":true,"href":"https:\/\/circo212.org.mx\/circo2\/index.php?rest_route=%2Fwp%2Fv2%2Fcomments&post=204"}],"version-history":[{"count":12,"href":"https:\/\/circo212.org.mx\/circo2\/index.php?rest_route=\/wp\/v2\/pages\/204\/revisions"}],"predecessor-version":[{"id":3512,"href":"https:\/\/circo212.org.mx\/circo2\/index.php?rest_route=\/wp\/v2\/pages\/204\/revisions\/3512"}],"up":[{"embeddable":true,"href":"https:\/\/circo212.org.mx\/circo2\/index.php?rest_route=\/wp\/v2\/pages\/110"}],"wp:attachment":[{"href":"https:\/\/circo212.org.mx\/circo2\/index.php?rest_route=%2Fwp%2Fv2%2Fmedia&parent=204"}],"curies":[{"name":"wp","href":"https:\/\/api.w.org\/{rel}","templated":true}]}}