{"id":332,"date":"2012-02-24T17:56:01","date_gmt":"2012-02-24T17:56:01","guid":{"rendered":"http:\/\/www.circo212.org.mx\/circo2\/?page_id=332"},"modified":"2015-06-19T19:09:58","modified_gmt":"2015-06-20T00:09:58","slug":"conoce-los-proyectos-de-circo-2-12","status":"publish","type":"page","link":"https:\/\/circo212.org.mx\/circo2\/?page_id=332","title":{"rendered":"Conoce los proyectos de Circo 2.12"},"content":{"rendered":"<h2><span style=\"color: #000000;\">Cineclubes y Sociedades<\/span><\/h2>\n<div class=\"trigger-button\"><span>Cineclub CondesaDF<\/span><\/div>\r\n        <div class=\"toggle-container2\">\n<p><a title=\"Cineclub Condesa D.F.\" href=\"http:\/\/www.circo212.org.mx\/circo2\/?page_id=258\"><img loading=\"lazy\" decoding=\"async\" class=\"alignnone  wp-image-599\" src=\"http:\/\/www.circo212.org.mx\/circo2\/wp-content\/uploads\/2012\/04\/condesadf3.jpg\" alt=\"\" width=\"873\" height=\"135\" srcset=\"https:\/\/circo212.org.mx\/circo2\/wp-content\/uploads\/2012\/04\/condesadf3.jpg 970w, https:\/\/circo212.org.mx\/circo2\/wp-content\/uploads\/2012\/04\/condesadf3-300x46.jpg 300w\" sizes=\"auto, (max-width: 873px) 100vw, 873px\" \/><\/a><\/p>\n<p><span style=\"color: #000000;\">Fundado en 2006, es el espacio dedicado a las tendencias de todas las disciplinas art\u00edsticas del mundo, vistas desde la creaci\u00f3n cinematogr\u00e1fica.<\/div><!--END toggle-container2--> <\/span><\/p>\n<div class=\"trigger-button\"><span>Linterna M\u00e1gica<\/span><\/div>\r\n        <div class=\"toggle-container2\">\n<p><a title=\"La Linterna M\u00e1gica\" href=\"http:\/\/www.circo212.org.mx\/circo2\/?page_id=385\"><img loading=\"lazy\" decoding=\"async\" class=\"alignnone  wp-image-601\" src=\"http:\/\/www.circo212.org.mx\/circo2\/wp-content\/uploads\/2012\/04\/linternamagica-1.jpg\" alt=\"\" width=\"873\" height=\"135\" srcset=\"https:\/\/circo212.org.mx\/circo2\/wp-content\/uploads\/2012\/04\/linternamagica-1.jpg 970w, https:\/\/circo212.org.mx\/circo2\/wp-content\/uploads\/2012\/04\/linternamagica-1-300x46.jpg 300w\" sizes=\"auto, (max-width: 873px) 100vw, 873px\" \/><\/a><\/p>\n<p><span style=\"color: #000000;\">\u00bfY si apag\u00e1ramos un rato la tele para ir al cine\u2026? Pero, \u00a1ojo, no a ver cualquier cosa, ni\u00a0de cualquier manera! La Linterna M\u00e1gica es un cineclub para ni\u00f1os de 6 a 12 a\u00f1os.<\/span><\/p>\n<h3><span style=\"color: #000000;\">\u00a1A\u00fan puedes inscribirte a la temporada 2015!<\/span><\/h3>\n<p><a title=\"La Linterna M\u00e1gica\" href=\"http:\/\/www.circo212.org.mx\/circo2\/?page_id=385\">Aqu\u00ed m\u00e1s informaci\u00f3n de la f\u00f3rmula m\u00e1gica&#8230;\u00a0<\/a><\/p>\n<\/div><!--END toggle-container2--> \n<div class=\"trigger-button\"><span>Sociedad del Cine Tlatelolco<\/span><\/div>\r\n        <div class=\"toggle-container2\">\n<p><a href=\"http:\/\/www.circo212.org.mx\/circo2\/?page_id=256\"><img loading=\"lazy\" decoding=\"async\" class=\"alignnone  wp-image-603\" src=\"http:\/\/www.circo212.org.mx\/circo2\/wp-content\/uploads\/2012\/04\/tlatelolco3.jpg\" alt=\"\" width=\"873\" height=\"135\" srcset=\"https:\/\/circo212.org.mx\/circo2\/wp-content\/uploads\/2012\/04\/tlatelolco3.jpg 970w, https:\/\/circo212.org.mx\/circo2\/wp-content\/uploads\/2012\/04\/tlatelolco3-300x46.jpg 300w\" sizes=\"auto, (max-width: 873px) 100vw, 873px\" \/><\/a><\/p>\n<h3><\/h3>\n<h3><span style=\"color: #000000;\">\u00a1M\u00e1s funciones pr\u00f3ximamente!<\/span><\/h3>\n<p style=\"text-align: justify;\"><\/div><!--END toggle-container2--> \n<div class=\"trigger-button\"><span>Cineclub Revoluci\u00f3n<\/span><\/div>\r\n        <div class=\"toggle-container2\">\n<p><a title=\"Cineclub Revoluci\u00f3n\" href=\"http:\/\/www.circo212.org.mx\/circo2\/?page_id=252\"><img loading=\"lazy\" decoding=\"async\" class=\"alignnone  wp-image-605\" src=\"http:\/\/www.circo212.org.mx\/circo2\/wp-content\/uploads\/2012\/04\/cineclubrevolucion4.jpg\" alt=\"\" width=\"873\" height=\"135\" srcset=\"https:\/\/circo212.org.mx\/circo2\/wp-content\/uploads\/2012\/04\/cineclubrevolucion4.jpg 970w, https:\/\/circo212.org.mx\/circo2\/wp-content\/uploads\/2012\/04\/cineclubrevolucion4-300x46.jpg 300w\" sizes=\"auto, (max-width: 873px) 100vw, 873px\" \/><\/a><\/p>\n<h3><span style=\"color: #000000;\">\u00a1M\u00e1s funciones pr\u00f3ximamente!<\/span><\/h3>\n<\/div><!--END toggle-container2--> \n<div class=\"trigger-button\"><span>Sprokets Cineclub Infantil<\/span><\/div>\r\n        <div class=\"toggle-container2\">\n<p><a title=\"Sprockets\" href=\"http:\/\/www.circo212.org.mx\/circo2\/?page_id=260\"><img loading=\"lazy\" decoding=\"async\" class=\"alignnone  wp-image-602\" src=\"http:\/\/www.circo212.org.mx\/circo2\/wp-content\/uploads\/2012\/04\/sprockets-1.jpg\" alt=\"\" width=\"873\" height=\"135\" srcset=\"https:\/\/circo212.org.mx\/circo2\/wp-content\/uploads\/2012\/04\/sprockets-1.jpg 970w, https:\/\/circo212.org.mx\/circo2\/wp-content\/uploads\/2012\/04\/sprockets-1-300x46.jpg 300w\" sizes=\"auto, (max-width: 873px) 100vw, 873px\" \/><\/a><\/p>\n<p style=\"text-align: justify;\"><span style=\"color: #000000;\">Dedicado a ni\u00f1os y j\u00f3venes que integra, a trav\u00e9s de cine, distintas visiones del mundo con la creaci\u00f3n audiovisual, en un espacio de di\u00e1logo entre historias, la imagen y el joven espectador. Con una programaci\u00f3n de lo mejor, \u00e9ste espacio invita al espectador a la reflexi\u00f3n, en espec\u00edfico se dirige a los ni\u00f1os y j\u00f3venes.<\/span><\/p>\n<h3><span style=\"color: #000000;\">\u00a1Buscando casa!<\/span><\/h3>\n<p style=\"text-align: justify;\"><\/div><!--END toggle-container2--> \n<h2><div class='divider' style='height: 40px;'><\/div><\/h2>\n<h2><span style=\"color: #000000;\">Cine al Aire Libre<\/span><\/h2>\n<div class=\"trigger-button\"><span>Aqu\u00ed se Film\u00f3<\/span><\/div>\r\n        <div class=\"toggle-container2\">\n<p><a href=\"http:\/\/www.circo212.org.mx\/circo2\/?page_id=262\"><img loading=\"lazy\" decoding=\"async\" class=\"alignnone  wp-image-604\" src=\"http:\/\/www.circo212.org.mx\/circo2\/wp-content\/uploads\/2012\/04\/banneraquisefilmo1.jpg\" alt=\"\" width=\"873\" height=\"135\" srcset=\"https:\/\/circo212.org.mx\/circo2\/wp-content\/uploads\/2012\/04\/banneraquisefilmo1.jpg 970w, https:\/\/circo212.org.mx\/circo2\/wp-content\/uploads\/2012\/04\/banneraquisefilmo1-300x46.jpg 300w\" sizes=\"auto, (max-width: 873px) 100vw, 873px\" \/><\/a><\/p>\n<p style=\"text-align: justify;\"><span style=\"color: #000000;\">Nuestra ciudad ha sido un enorme set cinematogr\u00e1fico de todas las \u00e9pocas. Este proyecto lleva de vuelta a las locaciones, las pel\u00edculas que ah\u00ed se filmaron en funciones gratuitas al aire libre con la presencia de actores y directores. Nuestra propuesta aporta al rescate de memoria intangible, a trav\u00e9s de un mapa con la memoria f\u00edlmica de la Ciudad de M\u00e9xico. En 2011 Aqu\u00ed se film\u00f3 cruza la frontera de la Ciudad de M\u00e9xico para realizarse por vez primera en el estado de Guerrero con Aqu\u00ed se film\u00f3 en Acapulco.<\/span><\/p>\n<h3><span style=\"color: #000000;\">Pr\u00f3ximamente&#8230;<\/span><\/h3>\n<p style=\"text-align: justify;\"><\/div><!--END toggle-container2--> \n<h2><div class='divider' style='height: 40px;'><\/div><\/h2>\n<h2><span style=\"color: #000000;\">Muestras y Festivales<\/span><\/h2>\n<div class=\"trigger-button\"><span>Cinema Global<\/span><\/div>\r\n        <div class=\"toggle-container2\">\n<p><a href=\"https:\/\/cinemaglobalmx.wordpress.com\/\"><img loading=\"lazy\" decoding=\"async\" class=\"alignnone  wp-image-598\" src=\"http:\/\/www.circo212.org.mx\/circo2\/wp-content\/uploads\/2012\/04\/cinemaglobal3.jpg\" alt=\"\" width=\"873\" height=\"135\" srcset=\"https:\/\/circo212.org.mx\/circo2\/wp-content\/uploads\/2012\/04\/cinemaglobal3.jpg 970w, https:\/\/circo212.org.mx\/circo2\/wp-content\/uploads\/2012\/04\/cinemaglobal3-300x46.jpg 300w\" sizes=\"auto, (max-width: 873px) 100vw, 873px\" \/><\/a><\/p>\n<p style=\"text-align: justify;\"><span style=\"color: #000000;\">CINEMA GLOBAL es un foro dedicado al cine del mundo, especialmente a aquellas propuestas independientes e innovadoras que dif\u00edcilmente se pueden ver en las salas comerciales. Cada a\u00f1o, dentro del Festival, Cinema Global propone una tem\u00e1tica diferente que ser\u00e1 el eje de su edici\u00f3n, realiza retrospectivas de directores y programa ciclos de pel\u00edculas.<\/div><!--END toggle-container2--> <\/span><\/p>\n<div class=\"trigger-button\"><span>Distrital<\/span><\/div>\r\n        <div class=\"toggle-container2\">\n<p><a href=\"http:\/\/distrital.mx\/\"><img loading=\"lazy\" decoding=\"async\" class=\"alignnone  wp-image-600\" src=\"http:\/\/www.circo212.org.mx\/circo2\/wp-content\/uploads\/2012\/04\/distrital3.jpg\" alt=\"\" width=\"873\" height=\"135\" srcset=\"https:\/\/circo212.org.mx\/circo2\/wp-content\/uploads\/2012\/04\/distrital3.jpg 970w, https:\/\/circo212.org.mx\/circo2\/wp-content\/uploads\/2012\/04\/distrital3-300x46.jpg 300w\" sizes=\"auto, (max-width: 873px) 100vw, 873px\" \/><\/a><\/p>\n<p style=\"text-align: justify;\"><span style=\"color: #000000;\">Distrital es el festival de cine creado por Circo 2.12 AC para el p\u00fablico de la ciudad de M\u00e9xico, con la propuesta de vivir una experiencia est\u00e9tica m\u00e1s all\u00e1 de las pantallas proyectando una plataforma de di\u00e1logo entre el cine y los otros mundos que conforman las artes audiovisuales.<\/span><\/p>\n<p style=\"text-align: justify;\"><span style=\"color: #000000;\">Su misi\u00f3n es promover la cinematogr\u00e1f\u00eda mexicana y de otros mundos generando un espacio de intercambio interdisciplinario.<\/div><!--END toggle-container2--> <\/span><\/p>\n","protected":false},"excerpt":{"rendered":"<p>Cineclubes y Sociedades Cine al Aire Libre Muestras y Festivales<\/p>\n","protected":false},"author":1,"featured_media":0,"parent":18,"menu_order":0,"comment_status":"open","ping_status":"open","template":"","meta":{"jetpack_post_was_ever_published":false,"footnotes":""},"class_list":["post-332","page","type-page","status-publish","hentry"],"aioseo_notices":[],"jetpack_sharing_enabled":true,"jetpack_shortlink":"https:\/\/wp.me\/P3e33F-5m","_links":{"self":[{"href":"https:\/\/circo212.org.mx\/circo2\/index.php?rest_route=\/wp\/v2\/pages\/332","targetHints":{"allow":["GET"]}}],"collection":[{"href":"https:\/\/circo212.org.mx\/circo2\/index.php?rest_route=\/wp\/v2\/pages"}],"about":[{"href":"https:\/\/circo212.org.mx\/circo2\/index.php?rest_route=\/wp\/v2\/types\/page"}],"author":[{"embeddable":true,"href":"https:\/\/circo212.org.mx\/circo2\/index.php?rest_route=\/wp\/v2\/users\/1"}],"replies":[{"embeddable":true,"href":"https:\/\/circo212.org.mx\/circo2\/index.php?rest_route=%2Fwp%2Fv2%2Fcomments&post=332"}],"version-history":[{"count":19,"href":"https:\/\/circo212.org.mx\/circo2\/index.php?rest_route=\/wp\/v2\/pages\/332\/revisions"}],"predecessor-version":[{"id":3506,"href":"https:\/\/circo212.org.mx\/circo2\/index.php?rest_route=\/wp\/v2\/pages\/332\/revisions\/3506"}],"up":[{"embeddable":true,"href":"https:\/\/circo212.org.mx\/circo2\/index.php?rest_route=\/wp\/v2\/pages\/18"}],"wp:attachment":[{"href":"https:\/\/circo212.org.mx\/circo2\/index.php?rest_route=%2Fwp%2Fv2%2Fmedia&parent=332"}],"curies":[{"name":"wp","href":"https:\/\/api.w.org\/{rel}","templated":true}]}}